{"id":20,"date":"2017-02-17T01:06:22","date_gmt":"2017-02-17T00:06:22","guid":{"rendered":"https:\/\/sprawiedliwi.org\/?page_id=20"},"modified":"2026-02-15T13:40:17","modified_gmt":"2026-02-15T12:40:17","slug":"wladze","status":"publish","type":"page","link":"https:\/\/sprawiedliwi.org\/index.php\/wladze\/","title":{"rendered":"<p>&nbsp;<strong>W\u0142adze<\/strong><\/p>"},"content":{"rendered":"<p style=\"text-align: center;\"><strong>Zarz\u0105d G\u0142\u00f3wny Polskiego Towarzystwa Sprawiedliwych w\u015br\u00f3d Narod\u00f3w \u015awiata<br \/><\/strong><\/p>\n<p style=\"text-align: center;\"><strong>Andrzej Miko\u0142ajk\u00f3w<\/strong> &#8211; Sprawiedliwy w\u015br\u00f3d Narod\u00f3w \u015awiata\u00a0 \u00a0 \u00a0PREZES<\/p>\n<p style=\"text-align: center;\"><strong>Janina Ro\u015bciszewska<\/strong> &#8211; Sprawiedliwa w\u015br\u00f3d Narod\u00f3w \u015awiata\u00a0 \u00a0ZAST\u0118PCA PREZESA<\/p>\n<p style=\"text-align: center;\"><strong>W\u0142adys\u0142aw Bartoszewski<\/strong> -potomek Sprawiedliwych\u00a0 \u00a0 \u00a0 \u00a0 \u00a0 SEKRETARZ<\/p>\n<p style=\"text-align: center;\">Do\u017cywotnym Prezesem Honorowym pozostaje <strong>Anna Stupnicka-Bando<\/strong><\/p>\n<\/p>\n\n\n<p class=\"has-text-align-center\"><strong>Komisja Rewizyjna  PTSwN\u015a<\/strong><\/p>\n\n\n\n<p class=\"has-text-align-center\">Adam Dudzi\u0144ski -potomek Sprawiedliwych     PRZEWODNICZ\u0104CY<\/p>\n\n\n\n<p class=\"has-text-align-center\"> Joanna B\u0105k -potomkini Sprawiedliwych SEKRETARZ<\/p>\n\n\n\n<p class=\"has-text-align-center\">Adam Bublik -potomek Sprawiedliwych CZ\u0141ONEK KOMISJI<\/p>\n\n\n\n<p class=\"has-text-align-center\"><\/p>\n","protected":false},"excerpt":{"rendered":"<p>Zarz\u0105d G\u0142\u00f3wny Polskiego Towarzystwa Sprawiedliwych w\u015br\u00f3d Narod\u00f3w \u015awiata Andrzej Miko\u0142ajk\u00f3w &#8211; Sprawiedliwy w\u015br\u00f3d Narod\u00f3w \u015awiata\u00a0 \u00a0 \u00a0PREZES Janina Ro\u015bciszewska &#8211; Sprawiedliwa w\u015br\u00f3d Narod\u00f3w \u015awiata\u00a0 \u00a0ZAST\u0118PCA PREZESA W\u0142adys\u0142aw Bartoszewski -potomek Sprawiedliwych\u00a0 &hellip; <\/p>\n","protected":false},"author":1,"featured_media":0,"parent":0,"menu_order":0,"comment_status":"closed","ping_status":"closed","template":"","meta":{"footnotes":""},"class_list":["post-20","page","type-page","status-publish","hentry"],"_links":{"self":[{"href":"https:\/\/sprawiedliwi.org\/index.php\/wp-json\/wp\/v2\/pages\/20","targetHints":{"allow":["GET"]}}],"collection":[{"href":"https:\/\/sprawiedliwi.org\/index.php\/wp-json\/wp\/v2\/pages"}],"about":[{"href":"https:\/\/sprawiedliwi.org\/index.php\/wp-json\/wp\/v2\/types\/page"}],"author":[{"embeddable":true,"href":"https:\/\/sprawiedliwi.org\/index.php\/wp-json\/wp\/v2\/users\/1"}],"replies":[{"embeddable":true,"href":"https:\/\/sprawiedliwi.org\/index.php\/wp-json\/wp\/v2\/comments?post=20"}],"version-history":[{"count":5,"href":"https:\/\/sprawiedliwi.org\/index.php\/wp-json\/wp\/v2\/pages\/20\/revisions"}],"predecessor-version":[{"id":1238,"href":"https:\/\/sprawiedliwi.org\/index.php\/wp-json\/wp\/v2\/pages\/20\/revisions\/1238"}],"wp:attachment":[{"href":"https:\/\/sprawiedliwi.org\/index.php\/wp-json\/wp\/v2\/media?parent=20"}],"curies":[{"name":"wp","href":"https:\/\/api.w.org\/{rel}","templated":true}]}}